*z = z - p. What are the prime factors of z?
2, 29
Suppose -4*l = -l + 5*s - 171, -4*l + 2*s = -228. Suppose 0 = 52*w - l*w + 4870. List the prime factors of w.
2, 487
Let t(s) = -308*s - 4963. What are the prime factors of t(-27)?
7, 479
Let r(l) be the first derivative of -l**3/3 - 12*l**2 + 27*l + 187. Let t be (48/(-20))/((-2)/(-15)). List the prime factors of r(t).
3, 5
Let c(y) = 634*y + 4. Let w be c(6). Let v be w/36 - ((-16)/(-9) - 2). Suppose 7*q - v = 76. List the prime factors of q.
2, 13
Let p = -45 - -50. Let t(k) = -k - 1 + p*k**2 + 4*k + 7. List the prime factors of t(-3).
2, 3, 7
Suppose -43*z + 273*z + 612997 = 3739617. List the prime factors of z.
2, 7, 971
List the prime factors of (-2)/(-15) - (-1)/(45/606684).
2, 3, 7, 107
Let p(q) be the second derivative of 3*q**5/20 + 3*q**4/4 - 2*q**3 + 2*q**2 + 10*q. Let d be p(5). Suppose 0 = -2*u + 6*u - d. List the prime factors of u.
2, 17
Suppose -3*t - 207 = -5*p, 3*t - 3*p + 0*p + 207 = 0. Let d = 64 + t. What are the prime factors of (-786)/d + -1 - (-2)/(-10)?
2, 3, 13
Let r(j) = 96 + j**3 - 4*j + 5*j + 3*j**2 - j**2. Let l = 3189 - 3189. What are the prime factors of r(l)?
2, 3
Suppose -472*r - 34*r - 41*r + 9996972 = 0. What are the prime factors of r?
2, 3, 1523
Let h = -8204 - -14318. List the prime factors of h.
2, 3, 1019
Suppose -5*v - 2 = 2*g, -5*v + 2*v = 3*g - 6. What are the prime factors of (2 + -3)/(v/454)?
227
Suppose 932 = 65*p - 67*p. What are the prime factors of (-11 + 5)/(2/p)?
2, 3, 233
Let f be (-7)/1*9/(-7). Suppose 10213 = f*t + 1969. List the prime factors of t.
2, 229
Let k(q) = -17*q - 390. Let u(f) = -f - 34. Let g be u(0). List the prime factors of k(g).
2, 47
Suppose 16*r - 4354 = 26846. Suppose 73*v - 86*v + r = 0. List the prime factors of v.
2, 3, 5
Let w(r) = r - 17. Let g be w(13). Let y = -38 + g. Let x = 44 + y. List the prime factors of x.
2
Let z = 27 + -46. Let q(c) = c**3 + 42*c**2 - 26*c + 38. Let s(g) = 3*g**2. Let t(b) = q(b) - 8*s(b). List the prime factors of t(z).
3, 19
Let k be (-130)/(-2) + 0 + 24/6. Let v = -14 + -89. Let j = k - v. List the prime factors of j.
2, 43
List the prime factors of ((-945)/(-10))/((2/(-568))/(160/(-64))).
3, 5, 7, 71
Let p be (22/(-5))/(8/(-40)). Suppose p*r + 30 = 27*r. Suppose 0 = r*x - 286 + 16. List the prime factors of x.
3, 5
Suppose -3*d + 4*r = 54 - 17, -4*d - 2*r = 20. Let i(m) = 7*m**3 + 2*m + 1. Let b be i(2). Let s = b - d. What are the prime factors of s?
2, 17
Suppose -240156 = -30*a + 273851 - 48017. What are the prime factors of a?
7, 317
Let x = -20905 + 43883. What are the prime factors of x?
2, 11489
Let p(g) = 0 - 4*g + 6 + 2*g + 6. Let k be p(5). Suppose 4*t = -4*y + 92, -k*y + 2*t = -13 - 49. List the prime factors of y.
3
Let f = 19224 - -42886. What are the prime factors of f?
2, 5, 6211
Let s = 94172 - 43020. List the prime factors of s.
2, 23, 139
List the prime factors of 25634/21 - (-15)/((-90)/(-8)).
2, 13, 47
Suppose 0 = r + 5, -24464 = -p - 35*r + 33*r. List the prime factors of p.
2, 3, 4079
Let i be (-6097)/(-7) - (3 - 0). Let d = i - 447. What are the prime factors of d?
421
List the prime factors of (1/(-7) - (-360074)/(-154))/((-1)/7).
2, 3, 11, 31
Suppose -15*q + 16*q + 3*w - 2009 = 0, 2*q - 3*w - 4063 = 0. List the prime factors of q.
2, 11, 23
Let r(b) = 1131*b**2 + 12*b - 45. What are the prime factors of r(3)?
2, 3, 5, 113
Let j = 1223 - 457. Let a = 1581 - j. What are the prime factors of a?
5, 163
Suppose 9*f - 2*d + 5 = 12*f, f = d + 5. Suppose -3*h = f*l - 2112, -h + 0*h = 2*l - 1412. List the prime factors of l.
2, 3, 59
Let h(y) = 36*y + 103. Let x be h(-3). What are the prime factors of 7895/8 + x/360*-9?
3, 7, 47
Let l(n) = -n**3 - n**2 + 24*n - 13. Let i be l(4). Suppose -4*c + 3514 = i*r, 12*r = 2*c + 13*r - 1758. What are the prime factors of c?
2, 5, 11
Let v(q) = 260*q**2 + 318*q + 2176. What are the prime factors of v(-7)?
2, 3, 5, 47
Let u(v) be the third derivative of 103*v**4/24 + v**3/2 + 24*v**2 + 1. List the prime factors of u(3).
2, 3, 13
Let o(i) = -61*i + 7. Let y be o(-1). Let l be (-389)/(-6) - (-3 + y/24). What are the prime factors of 3*(-12)/54 + l/3?
3, 7
Suppose 15535 = w - 7274. List the prime factors of w.
3, 7603
Let n(u) = -u**3 + 11*u**2 + 6*u - 49. Let g be n(11). Suppose -32*r = -g*r - 5835. List the prime factors of r.
389
Let m(i) = -i**2 + i + 8. Let p be m(0). Let k(x) be the first derivative of -x**3/3 + 9*x**2/2 + x - 18. List the prime factors of k(p).
3
Let d = 202 + 40. Let v = d + 75. What are the prime factors of v?
317
Suppose -235*b + 119*b - 3976 = -124*b. List the prime factors of b.
7, 71
Let a = -13002 - -53719. List the prime factors of a.
19, 2143
List the prime factors of 73848/12 - (12 + -2).
2, 3
Let m be ((-300)/9 + 2)*1092/(-104). Let q = -262 + m. List the prime factors of q.
67
Suppose -m = 4*b + 17, 17 = 4*m + b - 2*b. List the prime factors of m*(-2)/9 - (-1725)/9.
191
Let p(o) = -o**3 - 12*o**2 - 2*o - 19. Let x be p(-12). Suppose -3*w + 73 = 5*m - 1386, 4*w = -x*m + 1462. What are the prime factors of m?
2, 5, 29
Let i(z) = -z + 9. Let j(c) = 3 - 6*c - 3*c**2 - c**2 + 2*c + 6*c - c**3. Let x be j(-4). What are the prime factors of i(x)?
2, 7
Suppose -1 = 24*y - 25*y. Let t(g) = 510*g + 1. List the prime factors of t(y).
7, 73
Suppose 16*m - 55104 = 180736. List the prime factors of m.
2, 5, 11, 67
Let t(o) = -o**3 - 13*o**2 - 11*o - 12. Let i be t(-14). List the prime factors of (i/(-4))/(2/(-24)).
2, 3, 13
What are the prime factors of ((-8)/6 - (-103854)/(-342))*314/(-10)?
61, 157
Suppose -112 = -13*p - 125. What are the prime factors of 12/(-10)*(p - 1414/6)?
2, 71
Let x = -1157 + 5759. What are the prime factors of x?
2, 3, 13, 59
Let c(n) = -n**2 + 4. Let w be c(0). Let q be (6 + -12)*6/w. Let m = q - -18. List the prime factors of m.
3
Let y be (-68 + -4 + 10)/(2/28). Let g = -354 - y. What are the prime factors of g?
2, 257
Let d(w) = -2*w**3 - 3*w**2 - 11*w - 1. Let u = 99 + -103. What are the prime factors of d(u)?
3, 41
Suppose -5*y = 9*a - 7*a - 32944, -2*y - 2*a = -13180. List the prime factors of y.
2, 3, 61
Let k(y) = 2445*y**2 + 55*y + 222. What are the prime factors of k(-3)?
2, 3, 3677
Let k be 9108/16 - 2/8. Let o = k - 154. Suppose -3*y = -8*y + o. What are the prime factors of y?
83
Let p = 25 - 25. Suppose p*c - 980 = -7*c. Suppose -11*o + 18*o - c = 0. What are the prime factors of o?
2, 5
Suppose -2*w + 3*g + 9398 = 0, 146*w - 145*w - 4701 = 2*g. What are the prime factors of w?
13, 19
Let s(d) = -29*d - 112. Let x be s(-10). Suppose -n - 621 = -b - x, -b + 4*n = -431. What are the prime factors of b?
3, 149
Suppose 15*p = 9*p + 204. Let y(a) = 8*a - 7. Let l be y(3). Let j = p + l. List the prime factors of j.
3, 17
List the prime factors of (5/((-10)/(-436)))/(144/3384).
47, 109
Suppose -39*z - 858074 = 166*z - 4005644. List the prime factors of z.
2, 3, 853
Let d = -65 + 64. Let t be (333 - (0 + 2))/d. Let x = t + 464. What are the prime factors of x?
7, 19
Let u(r) = 2*r - 18. Let f be u(13). Let a(j) = 45*j**2 - 8*j + f + 18 - 43*j**2. List the prime factors of a(9).
2, 29
Suppose 8062 = -1798*r + 1800*r. List the prime factors of r.
29, 139
Let w = 4278 - -440. What are the prime factors of w?
2, 7, 337
Suppose 82*y + 3965 = 143*y. List the prime factors of y.
5, 13
Let l(j) be the first derivative of j**5/60 - j**4/8 - j**3 + 7*j**2 - 1. Let p(u) be the second derivative of l(u). List the prime factors of p(-7).
2
Suppose 4*x = 5*z - 63829, -z + 12773 = 25*x - 24*x. What are the prime factors of z?
113
Suppose 0 = -11*d + 70101 + 21859. What are the prime factors of d?
2, 5, 11, 19
Let b(j) = 8*j + 14. Let t be b(13). Let a = t + -216. Let i = 179 + a. What are the prime factors of i?
3
Suppose -109*q - 616269 = 32*q - 2178408. What are the prime factors of q?
3, 1231
Let f be (17048/(-5))/(30/(-75)). Suppose 15*r - 1526 - f = 0. List the prime factors of r.
2, 5, 67
Suppose 31113 = 2*b - 4*d + 8251, 0 = 7*b - 5*d - 80053. List the prime factors of b.
3, 31, 41
Let u = 14429 + -7266. What are the prime factors of u?
13, 19, 29
Let u(j) = j**2 + 30*j - 19. Let b be u(-34). Suppose -26*x + b + 48997 = 0. What are the prime factors of x?
1889
Let f(v) = -5*v**2 